 p be z(c). Let y = p - -242. What is the tens digit of y?
7
Let w(t) = 10*t**3 + 2*t + 1. Suppose -1 = q - 0. Let o be w(q). Let v(z) = -3*z + 24. What is the tens digit of v(o)?
5
Let w = 77 + -70. Suppose -w*p = -1016 - 76. Suppose -6*q = -8*q + p. What is the units digit of q?
8
Let v(g) be the second derivative of 3*g**5/4 + g**4/4 + 2*g**3/3 + 3*g**2/2 + 21*g. Let y be v(-3). Let a = 562 + y. What is the tens digit of a?
7
Let f(q) = -q**3 + 5*q**2 + 5*q + 9. Let o be f(5). Suppose 0 = -o*a + 27924 + 17228. What is the hundreds digit of a?
3
Let t = 42188 + 2595. What is the thousands digit of t?
4
Let w = 28 - 44. Let y = w - -17. What is the units digit of 212*y - (6 - 5)?
1
Let c(l) = 30*l - 27. Let v be c(1). Suppose -v*g + 2*j = -1588, 5*g - 3*j = j + 2650. What is the hundreds digit of g?
5
Let h be -1 - (0 + -1) - (-2 + -1). Suppose 3*b + 5*q = 2000, -2*b - h*q + q = -1340. What is the tens digit of b?
7
Suppose -2*j - 67 = -2287. Suppose 1112*b - 2006 = j*b. What is the hundreds digit of b?
0
Let y = -7810 - -13453. Suppose 14*k - y = -5*k. What is the tens digit of k?
9
Let u = -611 - 3665. What is the thousands digit of u/(-6)*(-9)/(-60)*10?
1
Let a = -23 + 28. Suppose -5*j - 38 + 3 = -a*k, 2*j - 10 = -k. What is the units digit of (-505)/(-20) - 2/k?
5
Let q(h) be the first derivative of -h**3/3 + 13*h**2/2 - 25*h - 79. What is the units digit of q(8)?
5
Let q(i) = 70*i + 160. What is the thousands digit of q(21)?
1
Suppose -4350*j + 1112 = -4342*j. What is the units digit of j?
9
Let w = 66 + -127. Let f = 68 + w. What is the hundreds digit of (8 - (-2 + f)) + (0 - -115)?
1
Suppose -24*u - 121 - 23 = 0. What is the tens digit of 9/u - 7310/(-20)?
6
Suppose 40188 = 3*r + 5*t, 6*r + 13891 = 4*t + 94309. What is the hundreds digit of r?
4
Let c(k) = -2*k**3 + 16*k**2 - 23*k + 14. Let u be c(11). Let p = 474 - u. What is the thousands digit of p?
1
Let t(w) = -4*w + 17. Let y be t(5). Let g be (-1811)/y + (-3)/(-63)*7. Suppose 0 = -4*u - r + g, r = -4*r - 20. What is the tens digit of u?
5
Suppose -1218 = -8*m + m. Let g = 259 + m. What is the tens digit of g?
3
Let m(s) = 2943*s**2 + 4*s - 2. What is the hundreds digit of m(1)?
9
What is the hundreds digit of (-27671156)/(-927) + (-2)/9?
8
Let s(z) = -z**3 - 78*z**2 + 226*z + 621. What is the units digit of s(-83)?
8
Suppose -158 = k - 854. Let o = k + 98. What is the tens digit of o?
9
Let m(s) = 31*s + 8. Suppose 3*r - 33 = -2*t, t = 8*r - 5*r + 30. What is the hundreds digit of m(t)?
6
Suppose -142 + 166 = 6*j. Suppose 4*y + 5*d - 420 = 3*y, 2*d + 1746 = j*y. What is the tens digit of y?
3
Let i(r) = -7*r**3 - 4*r + 1. Let p be i(2). Let v = -128 - p. Let j = v - -86. What is the tens digit of j?
2
Let a(n) = n**3 - 12*n**2 + 8*n + 36. Let r be a(11). Suppose -r*c - 5*z = -8*c + 1535, z + 1213 = 4*c. Let d = c - 85. What is the units digit of d?
7
What is the hundreds digit of (-1386 - -2)*759/(-138)?
6
Let j(y) = -y**3 - 6*y**2 + 9*y + 26. Let g = -113 + 229. Let u = g + -125. What is the hundreds digit of j(u)?
1
Let o(y) = 2*y**3 + 17*y**2 - 16*y + 11. Let u be o(-9). Suppose -4*z + 1870 + u = 0. What is the tens digit of z?
8
Suppose 13*u - 6668 = 203594. What is the tens digit of u?
7
Let c(n) = 1789*n**2 - 100*n - 12. What is the units digit of c(6)?
2
Let y(x) = 41*x**2 + 71*x - 505. What is the thousands digit of y(16)?
1
Let m = -48 - -335. Let j = 505 - m. What is the tens digit of j?
1
Suppose -20 = -5*i, 6*p + 1 = 3*p + i. Let g be (-9)/(p + (-17)/14). Let z = g - 4. What is the units digit of z?
8
Let w = 42402 - 22889. What is the hundreds digit of w?
5
Let u(y) = -9*y - 15. Let g be u(-6). Let v = g - 5. Let r = v - -138. What is the hundreds digit of r?
1
Let t be (1 - -3 - 9) + 2. Let f(h) = 22*h + 67. What is the units digit of f(t)?
1
Let i = 46 - 36. What is the hundreds digit of 5*75 - 0*i/(-70)?
3
Let r(o) = 1 + 4*o - 6*o - 5 - 2*o. Let l be r(-2). Suppose -4*k = 4*f - 196, -l*f = -0*k + 5*k - 195. What is the units digit of f?
0
Let y = -54680 - -107137. What is the hundreds digit of y?
4
Suppose 0 = 4*b - 1799 - 461. Let o be 2/9 + b/9. Let s = o + 22. What is the tens digit of s?
8
Let j(h) = 213*h - 52. Suppose -6*o + 10 = -26. What is the hundreds digit of j(o)?
2
Suppose -277*r + 1620527 = -198*r. What is the ten thousands digit of r?
2
Let k(a) = -a**3 + 12*a**2 + 19*a - 78. Let y be k(13). Let m = 301 + y. What is the tens digit of m?
0
Let u = 187 - -170. Suppose -3*c + u = 5*w, -c + 3*c - 254 = 2*w. What is the units digit of c + -3 - -4*3/(-12)?
0
Let t(g) be the second derivative of -16*g - 3/2*g**2 + 1/20*g**5 + 0 + 1/6*g**4 - 1/3*g**3. What is the tens digit of t(4)?
8
Suppose 0 = -9*c + 17*c - 16. Let w be 7 - (1/(-2))/((-1)/c). Suppose 8*i - w*i - 242 = 0. What is the tens digit of i?
2
Suppose 3*a = -4*w + 32, 0 = 3*a - w - 4*w - 14. Let f(d) = -d - 25. Let r be f(a). What is the units digit of (r/6)/(3/(-72))?
2
Suppose 2*f + 35*d - 38*d = 15625, -4*d = -5*f + 39045. What is the hundreds digit of f?
8
Suppose -4*l - 4*m = -22316, -63*l + 4*m + 27940 = -58*l. What is the units digit of l?
4
Suppose -i - 10*d = -15*d - 62788, 4*i + 4*d = 251224. What is the tens digit of i?
0
Let d = -191 - -215. Let z(y) = 20*y**3 - 4*y**2 + 4*y - 4. Let u be z(2). Suppose u - d = c. What is the tens digit of c?
2
Let r(j) = 3*j + 28. Let o be r(-9). Let h be (-2 - 0)/(o*8/(-452)). What is the units digit of 7 + -4 + h - -1?
7
Let g(c) = -c**2 - 9*c - 15. Let a be g(-7). Let o be -3 + a + 3 + 1. Suppose o = h - 28 - 43. What is the tens digit of h?
7
Let o(g) = -90*g - 4. Suppose -3*k - 6 + 9 = 0. Let i be (-9)/(-6)*(k + -2 - 1). What is the units digit of o(i)?
6
Let i be 114/((4 + 2)/(-5 + 1)). What is the tens digit of 114/i + 1561/2?
7
Suppose 15*i = 12*i. Suppose -7*b - 2 - 12 = i. Let q = b - -51. What is the tens digit of q?
4
Let b be ((2 - 1) + -4)*2432/(-57). What is the tens digit of (-1719)/(-2) - (-8)/(b/(-8))?
5
Suppose -2 = 11*f - 9*f. Let v be (-72)/(-36) + (f - (43 + 0)). Let s = v + 60. What is the tens digit of s?
1
Let g = 85 - 34. Let q(t) = 39*t**2 + 4. Let s be q(2). Let x = s + g. What is the tens digit of x?
1
Let z = 1586 + -1037. Suppose z = n - 520. What is the tens digit of n?
6
Suppose 4*i = 4*q + 18768, 7*q + 17448 = 5*i - 6014. What is the hundreds digit of i?
6
Suppose 144*c - 11444 = 142*c + 4*a, -6*c = 3*a - 34227. What is the thousands digit of c?
5
Suppose 75*l - 38944 = 73*l. What is the units digit of l?
2
What is the hundreds digit of (-4)/(-8)*1 + -159*(-17)/6?
4
Let k(z) = -9*z - 13. Suppose -7*p = 15 - 1. Let s be 2/(-4)*p*(-34)/2. What is the tens digit of k(s)?
4
Suppose -u - 1972*k + 1977*k + 26436 = 0, 3*k = -u + 26404. What is the units digit of u?
6
What is the hundreds digit of (-38720 + 1)*(-7 + 0 - -6)?
7
Let a be (-48)/168 - ((-5160)/7)/(-3). Let l = a - -464. Let i = -37 + l. What is the hundreds digit of i?
1
Let b = 569 + -556. Suppose -9*y + b*y = -4*m + 4232, -m + 1064 = -y. What is the tens digit of m?
6
Suppose a + 9 = -2*g, -3*g - 4 = -16. What is the hundreds digit of a - -8 - -8 - (-700 - -1)?
6
Let p(a) = 203*a + 82. What is the hundreds digit of p(39)?
9
Suppose 0 = -5*v - 5*q + 195 - 600, -3*v - 2*q - 242 = 0. What is the hundreds digit of ((-211)/4 + 20/v)*-3?
1
Let j(c) be the first derivative of -3*c**4/2 - 5*c**3/3 + 3*c**2/2 + 6*c - 5. Suppose 2*h - 4 = 0, 5*y + 25 = 4*h + 2. What is the hundreds digit of j(y)?
1
Let b be (-2 + 1)*2 + (-3510)/(-15). Suppose 6*y + b = 742. What is the units digit of y?
5
Let r be (-34)/119 + 72/7. Let v be 191/2*(r/(-5) - -4). Suppose -4*c + v = 3*o, -7*c = 2*o - 2*c - 125. What is the tens digit of o?
6
Let i = -105 - -65. Let z be i/15*(1 + -61)*1. Let c = -40 + z. What is the hundreds digit of c?
1
Suppose 5*b - 15778 = -4*z, -6916 = -3*b - z + 2548. What is the tens digit of b?
5
Suppose 603*m = 595*m + 34912. Suppose 2*t = -5*k - 2*t + 7256, -m = -3*k - 5*t. What is the hundreds digit of k?
4
Suppose 0 = -a + 3*k + 40, -4*a = -0*k - k - 215. Let b = a + -44. Suppose 10*x + 43 = b*x. What is the tens digit of x?
4
Let x be (-6)/(-9)*6 - (0 + 2). Let v(c) = -6*c + 26. Let k be v(-15). Suppose -k = -x*i - 4*u, -3*u = -i - 2*u + 49. What is the t